{"id":24,"date":"2024-05-25T19:11:51","date_gmt":"2024-05-25T17:11:51","guid":{"rendered":"http:\/\/wassersportverein-tegel-sued.de\/?page_id=24"},"modified":"2025-09-09T12:23:50","modified_gmt":"2025-09-09T10:23:50","slug":"startseite","status":"publish","type":"page","link":"https:\/\/wassersportverein-tegel-sued.de\/","title":{"rendered":"Startseite"},"content":{"rendered":"\n<p>Willkommen auf der Webseite vom Wassersportverein Tegel-S\u00fcd, kurz WTS genannt.<\/p>\n\n\n\n<p>Wir freuen uns dar\u00fcber, dass Du uns auf diesem Wege besuchst und w\u00fcnschen Dir viel Spa\u00df auf unserer im Jahr 2024 gestarteten Homepage. Schreibe uns ein Kommentar, eine Bewertung oder eine Kontaktanfrage, wenn Du magst.<\/p>\n\n\n\n<div class=\"wp-block-group is-nowrap is-layout-flex wp-container-core-group-is-layout-ad2f72ca wp-block-group-is-layout-flex\">\n<p>Beste Gr\u00fc\u00dfe Dein<br>WTS-Team<\/p>\n\n\n\n<figure class=\"wp-block-image size-full is-resized\"><img decoding=\"async\" src=\"https:\/\/wassersportverein-tegel-sued.de\/wp-content\/uploads\/2024\/05\/Anker.png\" alt=\"\" class=\"wp-image-317\" style=\"width:36px;height:auto\"\/><\/figure>\n<\/div>\n\n\n\n<p><\/p>\n","protected":false},"excerpt":{"rendered":"<p>Willkommen auf der Webseite vom Wassersportverein Tegel-S\u00fcd, kurz WTS genannt. Wir freuen uns dar\u00fcber, dass Du uns auf diesem Wege besuchst und w\u00fcnschen Dir viel Spa\u00df auf unserer im Jahr 2024 gestarteten Homepage. Schreibe uns ein Kommentar, eine Bewertung oder eine Kontaktanfrage, wenn Du magst. Beste Gr\u00fc\u00dfe DeinWTS-Team<\/p>\n","protected":false},"author":1,"featured_media":0,"parent":0,"menu_order":0,"comment_status":"closed","ping_status":"closed","template":"","meta":{"_glsr_average":0,"_glsr_ranking":0,"_glsr_reviews":0,"footnotes":""},"class_list":["post-24","page","type-page","status-publish","hentry"],"_links":{"self":[{"href":"https:\/\/wassersportverein-tegel-sued.de\/index.php\/wp-json\/wp\/v2\/pages\/24","targetHints":{"allow":["GET"]}}],"collection":[{"href":"https:\/\/wassersportverein-tegel-sued.de\/index.php\/wp-json\/wp\/v2\/pages"}],"about":[{"href":"https:\/\/wassersportverein-tegel-sued.de\/index.php\/wp-json\/wp\/v2\/types\/page"}],"author":[{"embeddable":true,"href":"https:\/\/wassersportverein-tegel-sued.de\/index.php\/wp-json\/wp\/v2\/users\/1"}],"replies":[{"embeddable":true,"href":"https:\/\/wassersportverein-tegel-sued.de\/index.php\/wp-json\/wp\/v2\/comments?post=24"}],"version-history":[{"count":0,"href":"https:\/\/wassersportverein-tegel-sued.de\/index.php\/wp-json\/wp\/v2\/pages\/24\/revisions"}],"wp:attachment":[{"href":"https:\/\/wassersportverein-tegel-sued.de\/index.php\/wp-json\/wp\/v2\/media?parent=24"}],"curies":[{"name":"wp","href":"https:\/\/api.w.org\/{rel}","templated":true}]}}